ors of 4040390?
2, 5, 17, 23767
What are the prime factors of 922740?
2, 3, 5, 7, 13
What are the prime factors of 467171?
467171
What are the prime factors of 1292188?
2, 37, 8731
What are the prime factors of 247951?
11, 22541
What are the prime factors of 17931688?
2, 43, 52127
What are the prime factors of 6062843?
19, 319097
List the prime factors of 3804639.
3, 1268213
What are the prime factors of 10120798?
2, 131, 38629
List the prime factors of 2837728.
2, 71, 1249
List the prime factors of 456469.
13, 37, 73
What are the prime factors of 88112?
2, 5507
List the prime factors of 27435.
3, 5, 31, 59
What are the prime factors of 6033817?
6033817
List the prime factors of 1462011.
3, 311, 1567
List the prime factors of 590402.
2, 295201
List the prime factors of 110159.
7, 15737
List the prime factors of 7107024.
2, 3, 148063
What are the prime factors of 140303?
173, 811
What are the prime factors of 6036487?
6036487
What are the prime factors of 516443?
17, 1787
What are the prime factors of 11198467?
7, 19, 84199
List the prime factors of 605091.
3, 101, 1997
List the prime factors of 4491031.
4491031
What are the prime factors of 23796676?
2, 5949169
List the prime factors of 583562.
2, 7, 73, 571
List the prime factors of 812800.
2, 5, 127
What are the prime factors of 2193088?
2, 34267
What are the prime factors of 37371?
3, 12457
List the prime factors of 1062718.
2, 531359
What are the prime factors of 6274416?
2, 3, 67, 1951
List the prime factors of 4175441.
101, 41341
What are the prime factors of 447140?
2, 5, 79, 283
List the prime factors of 20816819.
20816819
List the prime factors of 721235.
5, 144247
List the prime factors of 798190.
2, 5, 19, 4201
List the prime factors of 27711022.
2, 739, 18749
List the prime factors of 1782502.
2, 891251
List the prime factors of 113983.
113983
List the prime factors of 1860021.
3, 17, 12157
What are the prime factors of 1968020?
2, 5, 19, 5179
List the prime factors of 499161.
3, 13, 12799
What are the prime factors of 418768?
2, 7, 3739
What are the prime factors of 10632213?
3, 59, 20023
List the prime factors of 1393337.
11, 17, 7451
What are the prime factors of 93649?
71, 1319
List the prime factors of 22705257.
3, 7568419
What are the prime factors of 220965?
3, 5, 14731
What are the prime factors of 1537189?
953, 1613
What are the prime factors of 16487309?
107, 154087
What are the prime factors of 1368448?
2, 10691
List the prime factors of 348874.
2, 17, 31, 331
List the prime factors of 1015416.
2, 3, 1567
List the prime factors of 92710.
2, 5, 73, 127
What are the prime factors of 1220285?
5, 11, 2017
What are the prime factors of 1532977?
19, 80683
What are the prime factors of 275466?
2, 3, 31, 1481
What are the prime factors of 174961?
23, 7607
What are the prime factors of 382865?
5, 7, 10939
What are the prime factors of 134980?
2, 5, 17, 397
What are the prime factors of 1035972?
2, 3, 7, 4111
What are the prime factors of 1321589?
1321589
List the prime factors of 285934.
2, 11, 41, 317
List the prime factors of 6866674.
2, 17, 201961
What are the prime factors of 688071?
3, 211, 1087
List the prime factors of 577687.
11, 52517
List the prime factors of 61118.
2, 30559
List the prime factors of 73966.
2, 31, 1193
List the prime factors of 2596096.
2, 10141
List the prime factors of 231064.
2, 17, 1699
What are the prime factors of 17479625?
5, 139837
List the prime factors of 563431.
11, 17, 23, 131
What are the prime factors of 66259?
173, 383
List the prime factors of 4022002.
2, 31, 64871
List the prime factors of 16651.
16651
List the prime factors of 5279714.
2, 11, 21817
List the prime factors of 2565959.
11, 89, 2621
What are the prime factors of 4787861?
13, 53, 6949
List the prime factors of 133446.
2, 3, 23, 967
What are the prime factors of 5101738?
2, 29, 87961
List the prime factors of 6268285.
5, 41, 30577
List the prime factors of 3183578.
2, 349, 4561
What are the prime factors of 3536760?
2, 3, 5, 29473
What are the prime factors of 236246?
2, 19, 6217
What are the prime factors of 264094?
2, 132047
What are the prime factors of 9197501?
19, 484079
List the prime factors of 215345.
5, 13, 3313
List the prime factors of 3389930.
2, 5, 338993
What are the prime factors of 2119943?
7, 43, 7043
List the prime factors of 232014.
2, 3, 38669
List the prime factors of 141268.
2, 35317
What are the prime factors of 1605457?
7, 229351
What are the prime factors of 599049?
3, 11, 2017
List the prime factors of 12022352.
2, 349, 2153
List the prime factors of 3451263.
3, 1150421
List the prime factors of 3624470.
2, 5, 43, 8429
What are the prime factors of 130187?
211, 617
List the prime factors of 225681.
3, 75227
What are the prime factors of 692789?
692789
What are the prime factors of 3292429?
7, 470347
List the prime factors of 729751.
11, 37, 163
List the prime factors of 142457.
7, 47, 433
What are the prime factors of 28069099?
19, 1477321
What are the prime factors of 4999010?
2, 5, 379, 1319
List the prime factors of 226063.
226063
List the prime factors of 3551992.
2, 443999
List the prime factors of 574857.
3, 47, 151
List the prime factors of 1878306.
2, 3, 367, 853
List the prime factors of 125337.
3, 41, 1019
What are the prime factors of 103966?
2, 227, 229
What are the prime factors of 105884?
2, 103, 257
What are the prime factors of 2297287?
439, 5233
List the prime factors of 2567502.
2, 3, 7, 41, 71
List the prime factors of 7402599.
3, 17, 48383
What are the prime factors of 2201954?
2, 1100977
What are the prime factors of 254230?
2, 5, 25423
What are the prime factors of 4303584?
2, 3, 17, 293
What are the prime factors of 960727?
47, 20441
What are the prime factors of 257769?
3, 9547
List the prime factors of 11813155.
5, 19, 124349
List the prime factors of 13887061.
13887061
What are the prime factors of 4266673?
4266673
List the prime factors of 135865.
5, 29, 937
List the prime factors of 754740.
2, 3, 5, 7, 599
List the prime factors of 1026320.
2, 5, 12829
List the prime factors of 4902942.
2, 3, 11, 74287
List the prime factors of 828248.
2, 19, 5449
What are the prime factors of 133815?
3, 5, 11, 811
What are the prime factors of 2278681?
2278681
List the prime factors of 398793.
3, 307, 433
List the prime factors of 72914.
2, 36457
List the prime factors of 1278249.
3, 7, 60869
What are the prime factors of 9222902?
2, 13, 354727
What are the prime factors of 9954865?
5, 1990973
What are the prime factors of 91960?
2, 5, 11, 19
What are the prime factors of 1768817?
61, 107, 271
What are the prime factors of 662601?
3, 41, 5387
List the prime factors of 3247054.
2, 239, 6793
What are the prime factors of 751517?
13, 57809
What are the prime factors of 4342459?
11, 59, 6691
What are the prime factors of 95664?
2, 3, 1993
List the prime factors of 654700.
2, 5, 6547
What are the prime factors of 6243856?
2, 19, 23, 47
List the prime factors of 13333565.
5, 7, 31, 12289
What are the prime factors of 262135?
5, 103, 509
List the prime factors of 39571556.
2, 47, 210487
List the prime factors of 845350.
2, 5, 11, 29, 53
What are the prime factors of 12816931?
12816931
List the prime factors of 2684056.
2, 335507
List the prime factors of 111896.
2, 71, 197
List the prime factors of 739311.
3, 281, 877
What are the prime factors of 291512?
2, 13, 2803
What are the prime factors of 1342956?
2, 3, 111913
List the prime factors of 6611933.
6611933
List the prime factors of 95068.
2, 23767
List the prime factors of 122833.
122833
List the prime factors of 2257003.
7, 322429
List the prime factors of 686008.
2, 85751
List the prime factors of 8957009.
8957009
List the prime factors of 174374.
2, 87187
List the prime factors of 98661.
3, 32887
List the prime factors of 313525.
5, 12541
What are the prime factors of 231493?
231493
List the prime factors of 7513332.
2, 3, 41, 15271
List the prime factors of 552843.
3, 19, 53, 61
What are the prime factors of 9934598?
2, 1117, 4447
List the prime factors of 830864.
2, 51929
List the prime factors of 462727.
462727
What are the prime factors of 143681?
23, 6247
What are the prime factors of 23305957?
43, 541999
List the prime factors of 356733.
3, 13, 3049
List the prime factors of 1